 highest common divisor of 13 and b?
13
Let p be ((-42)/4)/((-4)/8). Calculate the highest common divisor of p and 105.
21
Let i(n) = n - 3. Let d be i(5). Suppose d*x - 4*x = -4. Suppose -153 - 47 = -x*y. What is the highest common divisor of 40 and y?
20
Let w be 2 + 652/44 - (-6)/33. Let l(g) = 68*g - 2. Let b be l(3). Suppose -2*h = -b + 32. Calculate the greatest common factor of w and h.
17
Let q(w) = w**3 + 10*w**2 + 11*w - 7. Let j be q(-8). Let v = -9 + j. Calculate the greatest common divisor of v and 24.
24
Let h = -1 + -11. Let m be 748/5 - h/30. Calculate the highest common divisor of m and 15.
15
Let n = 21 + -5. What is the highest common divisor of n and 16?
16
Let u be 24/(-18)*78/4. Let g = 42 + u. Suppose 5*p + 2*s - 22 = 0, -4*s = -8*p + 3*p + g. Calculate the highest common divisor of p and 10.
2
Suppose 4*g - 2*g = 0. Suppose 0 = -v + 3*k - g*k + 44, -5*k + 20 = 0. Suppose -3*j - 14 = -5*j. What is the greatest common factor of j and v?
7
Let l(r) = -r**2 + 15*r + 1. Let n be l(15). Calculate the greatest common factor of n and 1.
1
Let g(u) = u**2 - 2*u - 6. Let j be g(5). Suppose 2*f - n = 7*f - j, 0 = -5*n + 20. What is the highest common factor of f and 5?
1
Suppose -2*t + 10 = -h, 3*t + 19 = 4*t + 3*h. What is the highest common factor of 77 and t?
7
Let j be -22*(-1 + -6)*2. Suppose 0 = 2*b - i - j, 4*i - 154 = -b - i. What is the highest common factor of 14 and b?
14
Let v be 4/(-18) - (-423)/81. What is the greatest common divisor of 25 and v?
5
Let o be 0/(-3 + -1) + 23. What is the highest common divisor of 23 and o?
23
Let o be (10/8)/((-1)/(-32)). Suppose -3*t + 76 = t + 4*p, -2*p = 5*t - 86. Calculate the greatest common factor of o and t.
8
Suppose 200 = 3*c + 2*c. Let k = -27 + c. Calculate the greatest common factor of k and 52.
13
Let g = 183 + -145. What is the highest common factor of 133 and g?
19
Suppose 5*n + 11 = l + l, -3*l = -4*n - 13. Suppose -l*g + 1215 = 2*g. Suppose 0 = 4*c + 83 - g. What is the greatest common divisor of 10 and c?
10
Let y(p) = p + 1. Let l(x) = 7*x + 3. Let i(d) = l(d) - 6*y(d). Let o be i(10). What is the greatest common factor of o and 7?
7
Let l(d) = -6*d + 88. Let n be l(14). Calculate the highest common divisor of 1 and n.
1
Suppose 0 = -2*s - 9*s + 528. What is the highest common divisor of 12 and s?
12
Suppose 2*x = -20 - 56. Let y = x - -78. What is the highest common divisor of 20 and y?
20
Suppose -3*z - 2*t + 183 = 4, -t + 289 = 5*z. Let m = z - 8. What is the greatest common divisor of m and 7?
7
Let o = 46 - -5. What is the highest common factor of o and 51?
51
Suppose 9*u = 44 + 19. What is the greatest common divisor of u and 56?
7
Suppose j - 2*j + 4 = 0. Suppose j*g + 6 + 14 = 0, -m + 23 = -4*g. What is the greatest common divisor of m and 6?
3
Suppose 7*j - 6 = 4*j. Suppose 0 = -3*d + 12, -j*a + 0*d = d - 18. Suppose 2 = 2*z - 0. What is the highest common divisor of z and a?
1
Suppose -s = 3*z - 40, 3*s + 7 = -8. Calculate the highest common divisor of z and 3.
3
Let f be -2*(2/(-4) - 1). Let o(b) = -2*b - 2. Let s be o(f). Let r = s - -9. Calculate the greatest common factor of 2 and r.
1
Suppose -p + 2*p = 80. Let a be ((-3)/2)/((-12)/p). Calculate the greatest common factor of a and 10.
10
Suppose -j - j - 6 = 0. Let q be 26/(6/(-3)) - j. Let c = -7 - q. What is the highest common divisor of c and 1?
1
Let k = -52 + 72. Let c(y) = 4*y**3 + y**3 - 4*y**3 + 2*y - 2*y**2. Let b be c(2). What is the highest common factor of k and b?
4
Suppose 4*s - 5*m = 3*s - 17, -5 = 5*s - 5*m. Suppose -s*g - 52 = -g. Let n = -11 - g. What is the greatest common factor of 15 and n?
15
Let b be (6/10)/(4/60). Let y(f) = 2*f - 3. Suppose 6 = 4*j - 2. Let x be y(j). What is the greatest common factor of x and b?
1
Let v = -31 + -17. Let c be v/28*(-14)/2. Suppose 6*d - c = 3*d. What is the highest common divisor of 44 and d?
4
Let d(f) = f**3 + 1. Let m be d(1). Suppose -m*q + 2*x = -86, -3*q + 20 = 3*x - 91. Let l be (1 - 16/6)*-3. Calculate the greatest common factor of q and l.
5
Let p be 9/(-18) + (-2)/4. Let f(i) = -27*i**3 + i**2 + i. Let l be f(p). What is the greatest common divisor of 81 and l?
27
Let g = -220 - -363. What is the highest common factor of 13 and g?
13
Let o be 1915/35 - (-4)/14. Suppose -2*g - 3*g + o = 0. Let d be 0/(-4) + g + 0. Calculate the highest common factor of d and 1.
1
Let s(k) = 16*k - 10. Suppose 0*a - 10 = -a. Let l be s(a). What is the highest common factor of 15 and l?
15
Let t be ((-66)/(-9))/(6/(-9)). Let n = t + 56. Suppose -j + n = -0*j. Calculate the highest common divisor of j and 15.
15
Suppose 2 = 4*m + 2*p, -2*m = m + 2*p - 4. Let d be (-1)/2 - (-5)/m. Let a be ((-1)/3)/(d/9). Calculate the highest common divisor of 9 and a.
1
Let n be 8/(-20) - 186/(-15). Let v = 9 - 18. Let m = v - -141. Calculate the greatest common divisor of n and m.
12
Let g be (0 + 8/(-20))*-290. Calculate the greatest common factor of g and 29.
29
Let b(v) = -2 + 9*v**2 + 8*v - v**3 + 2*v**2 - 5*v**2. Let k be b(7). What is the greatest common divisor of k and 35?
5
Suppose -3*q + 4*q = 16. Let y be 2700/q - 6/8. Calculate the greatest common factor of y and 24.
24
Let h = 13 - -13. Let o = -77 - -116. Calculate the highest common factor of o and h.
13
Let r(n) = 4*n + 12. Let h be r(4). Calculate the greatest common divisor of 70 and h.
14
Let k(y) = -y**3 + 5*y**2 - y - 6. Let q be k(3). Suppose 2*l + 3*l - 90 = 0. What is the greatest common divisor of q and l?
9
Let r = -33 - -48. Suppose y + 0 = r. Let c be (-1 + -98)*10/(-6). Calculate the greatest common factor of c and y.
15
Suppose 1 = -0*j + 3*j + 5*k, 0 = -4*j + k + 9. Let p be j/6 + (-2048)/(-12). What is the highest common divisor of p and 19?
19
Let b be -4 - -1 - (-15 + 8). Suppose -b*h - 51 = -211. Calculate the greatest common divisor of 16 and h.
8
Let a = 62 - 25. Calculate the highest common factor of 296 and a.
37
Let b = 10 + -1. What is the highest common factor of 6 and b?
3
Suppose -j - 4*w - 10 = -0*w, -4*w = 3*j - 2. What is the greatest common divisor of j and 6?
6
Let g(v) = 2*v**2 - 23*v + 19. Let k be g(11). What is the greatest common divisor of 2 and k?
2
Let p = -54 + 186. Let w be 8/6 - (-12)/18. Suppose 24 = -w*g + 4*g. What is the highest common divisor of p and g?
12
Let j be (-2)/(5/(-13) - (-2)/6). What is the highest common divisor of j and 13?
13
Let m(n) = -3*n + 3*n + 3*n - 2*n. Let d be m(9). Let i = 5 - 2. Calculate the highest common factor of i and d.
3
Let g be (-156)/(-10)*(-1 + -4). Let f be (-2)/11 - g/66. Calculate the greatest common factor of 5 and f.
1
Let h = 0 - -12. What is the highest common factor of h and 228?
12
Let j = -82 + 116. What is the highest common factor of j and 102?
34
Let z be -480*1*8/(-20). What is the highest common divisor of z and 16?
16
Let l(h) = -h**3 + 5*h**2 + 5*h + 7. Let p be l(6). What is the highest common divisor of 4 and p?
1
Let f be (2 - (-3 - -5)) + 9. Let y(r) be the first derivative of -r**2/2 + 3*r + 1. Let t be y(0). Calculate the highest common divisor of f and t.
3
Let s(y) = y**2 - 8*y - 7. Let j be s(-6). Suppose -k + j = -h, 4*k + 0*h - 292 = -4*h. Calculate the highest common factor of 50 and k.
25
Suppose l - 4 = 28. Calculate the greatest common divisor of l and 288.
32
Let i = 73 + -103. Let j = 46 + i. Let t be j/10 + 8/20. Calculate the highest common divisor of 8 and t.
2
Suppose 30*l - 33*l + 24 = 0. Let a(w) = w**2 - 6*w + 8. Let r be a(6). Calculate the greatest common factor of l and r.
8
Suppose 2*p = -1 + 3. Suppose 4*l + p = 5*l. Let s be (-2 - 0 - -68)*l. Calculate the greatest common factor of s and 6.
6
Let z(g) = -2*g**2 + 2*g + 4. Let u be z(6). Let h be 28/6*(-144)/u. Calculate the highest common divisor of 60 and h.
12
Let c be (-3)/1 + (-58)/(-2). Suppose 4 = 5*d - c. What is the highest common factor of 24 and d?
6
Let o = -5 + 10. Suppose -3*x - 10 = -o*x. What is the highest common factor of 35 and x?
5
Let a = -1 - -7. Suppose -u + y - 6 = -14, -2*y = a. Suppose 2*j - 30 = -2*r + j, u*r = -5*j + 85. Calculate the highest common factor of 143 and r.
13
Suppose 2*f - 75 = 27. Calculate the greatest common factor of f and 34.
17
Suppose -2*i + 153 = 85. Calculate the high